g**3 - 11*g**2 + 6*g + 9. What is the tens digit of f(10)?
6
Suppose 566 = -4*s + 2*s - d, s + 4*d = -269. What is the tens digit of (s/(-10))/(-19)*(0 + -450)?
7
Let d(l) = 2*l**2 - 11*l + 21. Let z be d(7). Let c = 232 - z. Suppose 0*a - c = -2*a. What is the units digit of a?
5
Let u = 651 - -1334. Suppose -2*c - 5*h = -3*c + 424, 5*c = -2*h + u. Suppose -3*v + 557 = 4*t, -3*t + c = -4*v - 0*v. What is the hundreds digit of t?
1
What is the thousands digit of 5*(45/5 + 1724)?
8
Suppose 15568*m - 170064 = 15552*m. What is the hundreds digit of m?
6
Let d be -3*(4 + 2*12/8). What is the tens digit of (36/d)/((-10)/595)?
0
Let h = -5050 - -8782. Suppose -8*m = 620 - h. What is the hundreds digit of m?
3
Let d = -22554 + 45140. What is the tens digit of d?
8
Let c(x) = 2*x**3 - 19*x**2 - 38*x + 35. What is the units digit of c(19)?
2
What is the tens digit of (9497952/2160)/((-1)/4 + 26/40)?
9
Let i(s) = s**2 + 6*s - 21. Let l be i(-9). Let a be (21/l + -1)/((-7)/(-14)). Suppose -5*u = -j - 598, -2*u + a*j = -0*u - 230. What is the units digit of u?
0
Suppose -322953 = -46*d + 674005. What is the ten thousands digit of d?
2
Let c(u) be the third derivative of -u**4/6 + 26*u**3/3 - 7*u**2. Let f be c(13). Suppose f = 4*q - 111 - 185. What is the tens digit of q?
7
Let a(c) = -11*c**3 - c**2 + 2*c + 6. Let w(y) = 3*y - 27. Let f(t) = -2*t + 13. Let i(n) = 10*f(n) + 6*w(n). Let o be i(-15). What is the units digit of a(o)?
6
Let n = -271 - -91. Let y = n - -491. What is the units digit of y?
1
Let v be ((7 - 4) + -2)/(-1). Let x be v/3*-12 + 1 + -14. What is the units digit of 4/(-10) + (50544/(-40))/x?
0
What is the units digit of 4/(-6) + (-1364)/(-3) + 8?
2
Suppose -16*l + 134489 = 14745. What is the units digit of l?
4
Suppose 0 = -8*w + w - 0*w + 5859. What is the units digit of w?
7
Let o = 184 + -140. Let f be 1*(-11)/(o/(-16)). Suppose -197 = -3*b + g, 419 = f*b - g + 155. What is the tens digit of b?
6
Let q = -14158 + 24314. What is the hundreds digit of q?
1
Let u = -330 - 215. Let x = u + 948. What is the tens digit of x?
0
Let c(f) = 210 + f + 231 + 10*f + 87. Let t be c(0). Suppose -4*o = -t - 24. What is the units digit of o?
8
Let y = 61 + 445. Let h = y - 114. What is the units digit of h?
2
Let v be (2/((-8)/11))/(2/(-328)). Let k = v - 138. What is the hundreds digit of k?
3
Let i = -135 + 219. Let x(h) = 10*h - 238. Let d be x(18). Let j = d + i. What is the tens digit of j?
2
Let w(q) = 783*q**2 - 119*q - 90. What is the thousands digit of w(-6)?
8
Suppose 3*c + c + 75 = 3*r, -4*c = r - 41. Let a = 549 + -573. Let f = r - a. What is the tens digit of f?
5
Let j = 16 - 12. Suppose 15 = -n - j*n. Let x(h) = -3*h - 4. What is the units digit of x(n)?
5
What is the ten thousands digit of 2/(4*(-40)/32) + (-124244)/(-10)?
1
Suppose -v + 0 + 8 = 0. Let j be 2/(-6)*(9 - (-2 + v)). What is the units digit of 47*(-2 + 4/4)/j?
7
Let d(f) = -2583*f + 270. What is the thousands digit of d(-2)?
5
What is the units digit of 79070/15 - (-1)/(-3)?
1
Let c = 519 - 486. Let x(s) = 18*s + 34. What is the hundreds digit of x(c)?
6
Let w be (-1)/(4 - (-201)/(-51)). Let p = -17 - w. Suppose p = -5*y - 80 + 290. What is the tens digit of y?
4
Let v(s) = s**2 + 23*s - 81. Let j be v(4). Suppose -16*o + j*o - 8261 = 0. What is the units digit of o?
1
Suppose 1779882 = 256*g - 1020502. What is the tens digit of g?
3
Suppose 207*o + 35 = 212*o. Suppose -3*n + 2*a - 2090 = -o*n, 12 = -4*a. What is the tens digit of n?
2
What is the ten thousands digit of ((-1 - 3) + 1 + (242 - -1745))*10?
1
Suppose -4*s = p - 2*s, s = -p. Suppose p = -3*q + 3274 - 1222. What is the units digit of 1*q/((-8)/(-2))?
1
Suppose 30*h - 7190 = -35300. Let m = -504 - h. What is the hundreds digit of m?
4
Let s(q) = -42*q + 2653. Let i be s(66). Let p = 468 + -684. Let a = i - p. What is the tens digit of a?
9
Let s(f) = -291*f + 453. What is the ten thousands digit of s(-33)?
1
Suppose 3*q + 4*n - 111174 = 0, 4*q + 20058 = -2*n + 168300. What is the thousands digit of q?
7
Suppose -39*z + 184473 + 124605 + 501498 = 0. What is the hundreds digit of z?
7
Suppose 2*d - 9*j - 122460 = 0, -5*d + 0*d + 4*j = -306113. What is the ten thousands digit of d?
6
Let o = 2388 - 1336. Let z = o + -629. What is the units digit of z?
3
Let q(j) = j**3 + 2*j**2 + 5*j - 4. Let t be q(-4). Let h = -47 - t. Suppose 2*y = h + 221. What is the units digit of y?
5
Let j(o) = 63*o**2 + 112*o + 1133. What is the units digit of j(-9)?
8
Suppose 3*a + 2*p - 7532 = 5066, -20998 = -5*a - 4*p. What is the hundreds digit of a?
1
Let u(c) = -51*c + 6. Let y be u(-2). Suppose 8*x - 10*x = -y. Let g = x + -13. What is the units digit of g?
1
Let s(k) = 110*k**2 - 11*k + 35. Let r be s(12). What is the units digit of 3/30 + r/70?
5
What is the hundreds digit of 44/(11/22*8/596)?
5
Let n(m) = -145*m**2 + 3*m - 5. Let u(v) = -146*v**2 + 4*v - 5. Let i(b) = -3*n(b) + 2*u(b). What is the tens digit of i(2)?
7
Let x = 41 - 32. Let q be ((-3)/x)/(9/(-135)). Suppose -2*y + 362 = -q*b, 3 + 3 = -3*b. What is the hundreds digit of y?
1
Let o(k) = 634*k - 2883. What is the hundreds digit of o(21)?
4
What is the ten thousands digit of (9/(-6))/(27/(-986724))?
5
Let d(y) = -13*y**3 - 4*y**2 + 46*y - 12. What is the units digit of d(-8)?
0
Suppose -2*a - 2 = 5*s - 4, 26 = 4*a - s. Let x(i) = 5*i**2 + 18*i - 19. What is the tens digit of x(a)?
6
Suppose t + 15 = -3*i + 6*i, -5*i = t + 39. What is the units digit of (-9)/((-135)/1600)*t/(-10)?
6
Let x(s) = -157*s - 1590. What is the thousands digit of x(-35)?
3
Suppose 0 = -30*y - 37 + 97. Suppose -y*a = 2*f - 2381 + 693, 848 = a + 3*f. What is the units digit of a?
2
Suppose -17*r - 97 = -454. Suppose -2*q - 2 = 0, 4*p + 2*q + r = -3*q. What is the units digit of ((-196)/8)/(1/p)?
8
Suppose -8*z + 36110 = 2*z. Suppose 11*k + 993 = z. What is the tens digit of k?
3
Let v = 37 + -20. Let b = v + -8. Suppose -b*r + 96 = 6. What is the units digit of r?
0
Suppose -3*c + l + 5860 + 21748 = 0, 5*c - 2*l = 46014. What is the units digit of c?
2
Let a(n) = -10305*n - 2638. What is the thousands digit of a(-3)?
8
Suppose 1254571 + 1333479 = 107*n + 437885. What is the units digit of n?
5
Let z be (1 - 3/(-4)) + 2/8. Suppose a - 5*g = 4*a + 16, -z*a = 3*g + 9. What is the tens digit of 114 - a/(-3)*2?
1
Let g(m) = -14 + 1708*m - 859*m - 855*m. Let w = 25 - 36. What is the tens digit of g(w)?
5
Suppose -16*c + 2111 = -1809. Let k = 441 - c. What is the tens digit of k?
9
Let r(d) = 60*d**2 + 4*d - 5. Let m(u) = 5*u + 26. Let n be m(-5). What is the tens digit of r(n)?
5
What is the hundreds digit of 3 + ((-1)/4 - 3*(-5751)/36)?
4
Let m(k) = 45*k**2 - 8. Let x = -96 - -93. Let t be m(x). Suppose 4*d - 63 - t = 0. What is the units digit of d?
5
Let g = -116 + 123. Suppose 0 = -4*m - b + 1039, -g*m + 1048 = -3*m + 4*b. Suppose -15*t - m = -1594. What is the units digit of t?
9
Let n be 3/4 + (-2)/(-8). Let u be 1*4/(-30) - (-6882)/1665. What is the units digit of (-1341)/(-12) - n - (-1)/u?
1
Let n(q) = q**2 + q + 1. Let m be n(0). Let j = 6 - 5. What is the units digit of (m - -60) + -3 + j + 3?
2
Let o(p) be the third derivative of 13*p**6/20 + 5*p**2. Let f be o(1). Suppose 0 = -x - 2*x - 2*z + 62, -3*z = -5*x + f. What is the units digit of x?
8
Suppose 4*a - 62 = 58. Suppose 0 = 206*t - 204*t - 388. Suppose -a*u + t = -29*u. What is the units digit of u?
4
Let a be 2*(1753/(-14) + 8/(-28)). Let h = 167 + a. What is the units digit of 10/(-2 - -3)*h/(-10)?
4
Suppose 1219746 = 71*u - 5*u. What is the units digit of u?
1
Let c be 11/(99/6)*6. Suppose -3*p - 3*b = -717, 0*p - c*p + 5*b + 983 = 0. What is the hundreds digit of p?
2
Let c(d) = -33*d + 1072. What is the tens digit of c(-19)?
9
Suppose -1179 = -v + 1622 + 1432. What is the thousands digit of v?
4
Suppose 2*a - 16*r = -14*r + 27856, 2*a + 5*r = 27828. What is the ten thousands digit of a?
1
What is the thousands digit of 112182/16 + (-110)/(-176)?
7
Suppose 992*x - 1011*x + 57836 = 0. What is the hundreds digit of x?
0
Let f(q) = q**3 - q**2 + 463. Let h(n) = -n**3 + n**2 - 464. Let o(b) = 4*f(b) + 3*h(b). Let s be o(0). Suppose 0*d - s = -5*d. What is the tens digit of d?
9
Let k(m) = 4*m + 5. Let v be k(-7). Let y = v + 